{"id":174,"date":"2019-09-14T19:33:52","date_gmt":"2019-09-14T17:33:52","guid":{"rendered":"http:\/\/localhost\/wp\/?page_id=174"},"modified":"2020-04-15T10:20:27","modified_gmt":"2020-04-15T09:20:27","slug":"datenschutz","status":"publish","type":"page","link":"https:\/\/umweltkonzept-landschaftsplanung.de\/?page_id=174","title":{"rendered":"Datenschutz"},"content":{"rendered":"<div id=\"pl-174\"  class=\"panel-layout\" ><div id=\"pg-174-0\"  class=\"panel-grid panel-no-style\" ><div id=\"pgc-174-0-0\"  class=\"panel-grid-cell\" ><div id=\"panel-174-0-0-0\" class=\"so-panel widget widget_text panel-first-child panel-last-child\" data-index=\"0\" >\t\t\t<div class=\"textwidget\"><h1>Datenschutzerkl\u00e4rung<\/h1>\n<p>Verantwortlicher im Sinne der Datenschutzgesetze, insbesondere der EU-Datenschutzgrundverordnung (DSGVO), ist:<\/p>\n<p>UMWELTKONZEPT<br \/>\nChristian Nitsch &amp; Felix Schreiter GbR<br \/>\nEisenberger Str. 10<br \/>\n01127 Dresden<\/p>\n<p>Umsatzsteuer ID-Nr. DE326227656<\/p>\n<p>Tel.: +49 (0) 351 2171 8838<br \/>\nE-Mail: info@umweltkonzept-landschaftsplanung.de<br \/>\nImpressum: umweltkonzept-landschaftsplanung.de\/impressum<\/p>\n<h2>Ihre Betroffenenrechte<\/h2>\n<p>Unter den angegebenen Kontaktdaten\u00a0 k\u00f6nnen Sie jederzeit folgende Rechte aus\u00fcben:<\/p>\n<ul>\n<li>Auskunft \u00fcber Ihre bei uns gespeicherten Daten und deren Verarbeitung (Art. 15 DSGVO),<\/li>\n<li>Berichtigung unrichtiger personenbezogener Daten (Art. 16 DSGVO),<\/li>\n<li>L\u00f6schung Ihrer bei uns gespeicherten Daten (Art. 17 DSGVO),<\/li>\n<li>Einschr\u00e4nkung der Datenverarbeitung, sofern wir Ihre Daten aufgrund gesetzlicher Pflichten noch nicht l\u00f6schen d\u00fcrfen (Art. 18 DSGVO),<\/li>\n<li>Widerspruch gegen die Verarbeitung Ihrer Daten bei uns (Art. 21 DSGVO) und<\/li>\n<li>Daten\u00fcbertragbarkeit, sofern Sie in die Datenverarbeitung eingewilligt haben oder einen Vertrag mit uns abgeschlossen haben (Art. 20 DSGVO).<\/li>\n<\/ul>\n<p>Sofern Sie uns eine Einwilligung erteilt haben, k\u00f6nnen Sie diese jederzeit mit Wirkung f\u00fcr die Zukunft widerrufen.<\/p>\n<p>Sie k\u00f6nnen sich jederzeit mit einer Beschwerde an eine Aufsichtsbeh\u00f6rde wenden, z. B. an die zust\u00e4ndige Aufsichtsbeh\u00f6rde des Bundeslands Ihres Wohnsitzes oder an die f\u00fcr uns als verantwortliche Stelle zust\u00e4ndige Beh\u00f6rde.<\/p>\n<p>Eine Liste der Aufsichtsbeh\u00f6rden (f\u00fcr den nicht\u00f6ffentlichen Bereich) mit Anschrift finden Sie unter: <a href=\"https:\/\/www.bfdi.bund.de\/DE\/Infothek\/Anschriften_Links\/anschriften_links-node.html\" target=\"_blank\" rel=\"nofollow noopener\">https:\/\/www.bfdi.bund.de\/DE\/Infothek\/Anschriften_Links\/anschriften_links-node.html<\/a>.<\/p>\n<h2>Erfassung allgemeiner Informationen beim Besuch unserer Website<\/h2>\n<h3>Art und Zweck der Verarbeitung:<\/h3>\n<p>Wenn Sie auf unsere Website zugreifen, d.h., wenn Sie sich nicht registrieren oder anderweitig Informationen \u00fcbermitteln, werden automatisch Informationen allgemeiner Natur erfasst. Diese Informationen (Server-Logfiles) beinhalten etwa die Art des Webbrowsers, das verwendete Betriebssystem, den Domainnamen Ihres Internet-Service-Providers, Ihre IP-Adresse und \u00e4hnliches.<\/p>\n<p>Sie werden insbesondere zu folgenden Zwecken verarbeitet:<\/p>\n<ul>\n<li>Sicherstellung eines problemlosen Verbindungsaufbaus der Website,<\/li>\n<li>Sicherstellung einer reibungslosen Nutzung unserer Website,<\/li>\n<li>Auswertung der Systemsicherheit und -stabilit\u00e4t sowie<\/li>\n<li>zu weiteren administrativen Zwecken.<\/li>\n<\/ul>\n<p>Wir verwenden Ihre Daten nicht, um R\u00fcckschl\u00fcsse auf Ihre Person zu ziehen. Informationen dieser Art werden von uns ggfs. statistisch ausgewertet, um unseren Internetauftritt und die dahinterstehende Technik zu optimieren.<\/p>\n<h3>Rechtsgrundlage:<\/h3>\n<p>Die Verarbeitung erfolgt gem\u00e4\u00df Art. 6 Abs. 1 lit. f DSGVO auf Basis unseres berechtigten Interesses an der Verbesserung der Stabilit\u00e4t und Funktionalit\u00e4t unserer Website.<\/p>\n<h3>Speicherdauer:<\/h3>\n<p>Die Daten werden gel\u00f6scht, sobald diese f\u00fcr den Zweck der Erhebung nicht mehr erforderlich sind. Dies ist f\u00fcr die Daten, die der Bereitstellung der Webseite dienen, grunds\u00e4tzlich der Fall, wenn die jeweilige Sitzung beendet ist.<\/p>\n<h3>Bereitstellung vorgeschrieben oder erforderlich:<\/h3>\n<p>Die Bereitstellung der vorgenannten personenbezogenen Daten ist weder gesetzlich noch vertraglich vorgeschrieben. Ohne die IP-Adresse ist jedoch der Dienst und die Funktionsf\u00e4higkeit unserer Website nicht gew\u00e4hrleistet. Zudem k\u00f6nnen einzelne Dienste und Services nicht verf\u00fcgbar oder eingeschr\u00e4nkt sein. Aus diesem Grund ist ein Widerspruch ausgeschlossen.<\/p>\n<h2>Erbringung kostenpflichtiger Leistungen<\/h2>\n<h3>Art und Zweck der Verarbeitung:<\/h3>\n<p>Zur Erbringung kostenpflichtiger Leistungen werden von uns zus\u00e4tzliche Daten erfragt, wie z.B. Zahlungsangaben, um Ihren Auftrag ausf\u00fchren zu k\u00f6nnen.<\/p>\n<h3>Rechtsgrundlage:<\/h3>\n<p>Die Verarbeitung der Daten, die f\u00fcr den Abschluss des Vertrages erforderlich ist, basiert auf Art. 6 Abs. 1 lit. b DSGVO.<\/p>\n<h3>Speicherdauer:<\/h3>\n<p>Wir speichern diese Daten in unseren Systemen bis die gesetzlichen Aufbewahrungsfristen abgelaufen sind. Diese betragen grunds\u00e4tzlich 6 oder 10 Jahre aus Gr\u00fcnden der ordnungsm\u00e4\u00dfigen Buchf\u00fchrung und steuerrechtlichen Anforderungen.<\/p>\n<h3>Bereitstellung vorgeschrieben oder erforderlich:<\/h3>\n<p>Die Bereitstellung Ihrer personenbezogenen Daten erfolgt freiwillig. Ohne die Bereitstellung Ihrer personenbezogenen Daten k\u00f6nnen wir Ihnen keinen Zugang auf unsere angebotenen Inhalte und Leistungen gew\u00e4hren.<\/p>\n<h2>Kontaktanfragen<\/h2>\n<h3>Art und Zweck der Verarbeitung:<\/h3>\n<p>Die von Ihnen eingegebenen Daten werden zum Zweck der individuellen Kommunikation mit Ihnen gespeichert. Hierf\u00fcr ist Ihre valide E-Mail-Adresse sowie Ihr Namens erforderlich. Diese dient der Zuordnung der Anfrage und der anschlie\u00dfenden Beantwortung derselben. Die Angabe weiterer Daten ist optional.<\/p>\n<h3>Rechtsgrundlage:<\/h3>\n<p>Die Verarbeitung der an uns gesandten Daten erfolgt auf der Grundlage eines berechtigten Interesses (Art. 6 Abs. 1 lit. f DSGVO).<\/p>\n<p>Durch Bereitstellung der Kontaktadresse m\u00f6chten wir Ihnen eine unkomplizierte Kontaktaufnahme erm\u00f6glichen. Ihre gemachten Angaben werden zum Zwecke der Bearbeitung der Anfrage sowie f\u00fcr m\u00f6gliche Anschlussfragen gespeichert.<\/p>\n<p>Sofern Sie mit uns Kontakt aufnehmen, um ein Angebot zu erfragen, erfolgt die Verarbeitung der eingegebenen Daten zur Durchf\u00fchrung vorvertraglicher Ma\u00dfnahmen (Art. 6 Abs. 1 lit. b DSGVO).<\/p>\n<h3>Empf\u00e4nger:<\/h3>\n<p>Empf\u00e4nger der Daten sind ggf. Auftragsverarbeiter.<\/p>\n<h3>Speicherdauer:<\/h3>\n<p>Daten werden sp\u00e4testens 6 Monate nach Bearbeitung der Anfrage gel\u00f6scht.<\/p>\n<p>Sofern es zu einem Vertragsverh\u00e4ltnis kommt, unterliegen wir den gesetzlichen Aufbewahrungsfristen nach HGB und l\u00f6schen Ihre Daten nach Ablauf dieser Fristen.<\/p>\n<h3>Bereitstellung vorgeschrieben oder erforderlich:<\/h3>\n<p>Die Bereitstellung Ihrer personenbezogenen Daten erfolgt freiwillig. Wir k\u00f6nnen Ihre Anfrage jedoch nur bearbeiten, sofern Sie uns Ihren Namen, Ihre E-Mail-Adresse und den Grund der Anfrage mitteilen.<\/p>\n<h2>\u00c4nderung unserer Datenschutzbestimmungen<\/h2>\n<p>Wir behalten uns vor, diese Datenschutzerkl\u00e4rung anzupassen, damit sie stets den aktuellen rechtlichen Anforderungen entspricht oder um \u00c4nderungen unserer Leistungen in der Datenschutzerkl\u00e4rung umzusetzen, z.B. bei der Einf\u00fchrung neuer Services. F\u00fcr Ihren erneuten Besuch gilt dann die neue Datenschutzerkl\u00e4rung.<\/p>\n<h2>Fragen zum Datenschutz<\/h2>\n<p>Wenn Sie Fragen zum Datenschutz haben, schreiben Sie uns bitte eine E-Mail.<\/p>\n<p><em>Die Datenschutzerkl\u00e4rung wurde mithilfe der activeMind AG erstellt, den Experten f\u00fcr <a href=\"https:\/\/www.activemind.de\/datenschutz\/datenschutzhinweis-generator\/\" target=\"_blank\" rel=\"noopener\">externe Datenschutzbeauftragte<\/a> (Version #2019-04-10).<\/em><\/p>\n<\/div>\n\t\t<\/div><\/div><\/div><\/div>","protected":false},"excerpt":{"rendered":"<p>Datenschutzerkl\u00e4rung Verantwortlicher im Sinne der Datenschutzgesetze, insbesondere der EU-Datenschutzgrundverordnung (DSGVO), ist: UMWELTKONZEPT Christian Nitsch &amp; Felix Schreiter GbR Eisenberger Str. 10 01127 Dresden Umsatzsteuer ID-Nr. DE326227656 Tel.: +49 (0) 351 2171 8838 E-Mail: info@umweltkonzept-landschaftsplanung.de Impressum: umweltkonzept-landschaftsplanung.de\/impressum Ihre Betroffenenrechte Unter den angegebenen Kontaktdaten\u00a0 k\u00f6nnen Sie jederzeit folgende Rechte aus\u00fcben: Auskunft \u00fcber Ihre bei uns gespeicherten Daten [&hellip;]<\/p>\n","protected":false},"author":1,"featured_media":0,"parent":161,"menu_order":0,"comment_status":"closed","ping_status":"closed","template":"","meta":[],"_links":{"self":[{"href":"https:\/\/umweltkonzept-landschaftsplanung.de\/index.php?rest_route=\/wp\/v2\/pages\/174"}],"collection":[{"href":"https:\/\/umweltkonzept-landschaftsplanung.de\/index.php?rest_route=\/wp\/v2\/pages"}],"about":[{"href":"https:\/\/umweltkonzept-landschaftsplanung.de\/index.php?rest_route=\/wp\/v2\/types\/page"}],"author":[{"embeddable":true,"href":"https:\/\/umweltkonzept-landschaftsplanung.de\/index.php?rest_route=\/wp\/v2\/users\/1"}],"replies":[{"embeddable":true,"href":"https:\/\/umweltkonzept-landschaftsplanung.de\/index.php?rest_route=%2Fwp%2Fv2%2Fcomments&post=174"}],"version-history":[{"count":5,"href":"https:\/\/umweltkonzept-landschaftsplanung.de\/index.php?rest_route=\/wp\/v2\/pages\/174\/revisions"}],"predecessor-version":[{"id":371,"href":"https:\/\/umweltkonzept-landschaftsplanung.de\/index.php?rest_route=\/wp\/v2\/pages\/174\/revisions\/371"}],"up":[{"embeddable":true,"href":"https:\/\/umweltkonzept-landschaftsplanung.de\/index.php?rest_route=\/wp\/v2\/pages\/161"}],"wp:attachment":[{"href":"https:\/\/umweltkonzept-landschaftsplanung.de\/index.php?rest_route=%2Fwp%2Fv2%2Fmedia&parent=174"}],"curies":[{"name":"wp","href":"https:\/\/api.w.org\/{rel}","templated":true}]}}

<div id="pl-174"  class="panel-layout" ><div id="pg-174-0"  class="panel-grid panel-no-style" ><div id="pgc-174-0-0"  class="panel-grid-cell" ><div id="panel-174-0-0-0" class="so-panel widget widget_text panel-first-child panel-last-child" data-index="0" >			<div class="textwidget"><h1>Datenschutzerklärung</h1>
<p>Verantwortlicher im Sinne der Datenschutzgesetze, insbesondere der EU-Datenschutzgrundverordnung (DSGVO), ist:</p>
<p>UMWELTKONZEPT<br />
Christian Nitsch &amp; Felix Schreiter GbR<br />
Eisenberger Str. 10<br />
01127 Dresden</p>
<p>Umsatzsteuer ID-Nr. DE326227656</p>
<p>Tel.: +49 (0) 351 2171 8838<br />
E-Mail: info@umweltkonzept-landschaftsplanung.de<br />
Impressum: umweltkonzept-landschaftsplanung.de/impressum</p>
<h2>Ihre Betroffenenrechte</h2>
<p>Unter den angegebenen Kontaktdaten  können Sie jederzeit folgende Rechte ausüben:</p>
<ul>
<li>Auskunft über Ihre bei uns gespeicherten Daten und deren Verarbeitung (Art. 15 DSGVO),</li>
<li>Berichtigung unrichtiger personenbezogener Daten (Art. 16 DSGVO),</li>
<li>Löschung Ihrer bei uns gespeicherten Daten (Art. 17 DSGVO),</li>
<li>Einschränkung der Datenverarbeitung, sofern wir Ihre Daten aufgrund gesetzlicher Pflichten noch nicht löschen dürfen (Art. 18 DSGVO),</li>
<li>Widerspruch gegen die Verarbeitung Ihrer Daten bei uns (Art. 21 DSGVO) und</li>
<li>Datenübertragbarkeit, sofern Sie in die Datenverarbeitung eingewilligt haben oder einen Vertrag mit uns abgeschlossen haben (Art. 20 DSGVO).</li>
</ul>
<p>Sofern Sie uns eine Einwilligung erteilt haben, können Sie diese jederzeit mit Wirkung für die Zukunft widerrufen.</p>
<p>Sie können sich jederzeit mit einer Beschwerde an eine Aufsichtsbehörde wenden, z. B. an die zuständige Aufsichtsbehörde des Bundeslands Ihres Wohnsitzes oder an die für uns als verantwortliche Stelle zuständige Behörde.</p>
<p>Eine Liste der Aufsichtsbehörden (für den nichtöffentlichen Bereich) mit Anschrift finden Sie unter: <a href="https://www.bfdi.bund.de/DE/Infothek/Anschriften_Links/anschriften_links-node.html" target="_blank" rel="nofollow noopener">https://www.bfdi.bund.de/DE/Infothek/Anschriften_Links/anschriften_links-node.html</a>.</p>
<h2>Erfassung allgemeiner Informationen beim Besuch unserer Website</h2>
<h3>Art und Zweck der Verarbeitung:</h3>
<p>Wenn Sie auf unsere Website zugreifen, d.h., wenn Sie sich nicht registrieren oder anderweitig Informationen übermitteln, werden automatisch Informationen allgemeiner Natur erfasst. Diese Informationen (Server-Logfiles) beinhalten etwa die Art des Webbrowsers, das verwendete Betriebssystem, den Domainnamen Ihres Internet-Service-Providers, Ihre IP-Adresse und ähnliches.</p>
<p>Sie werden insbesondere zu folgenden Zwecken verarbeitet:</p>
<ul>
<li>Sicherstellung eines problemlosen Verbindungsaufbaus der Website,</li>
<li>Sicherstellung einer reibungslosen Nutzung unserer Website,</li>
<li>Auswertung der Systemsicherheit und -stabilität sowie</li>
<li>zu weiteren administrativen Zwecken.</li>
</ul>
<p>Wir verwenden Ihre Daten nicht, um Rückschlüsse auf Ihre Person zu ziehen. Informationen dieser Art werden von uns ggfs. statistisch ausgewertet, um unseren Internetauftritt und die dahinterstehende Technik zu optimieren.</p>
<h3>Rechtsgrundlage:</h3>
<p>Die Verarbeitung erfolgt gemäß Art. 6 Abs. 1 lit. f DSGVO auf Basis unseres berechtigten Interesses an der Verbesserung der Stabilität und Funktionalität unserer Website.</p>
<h3>Speicherdauer:</h3>
<p>Die Daten werden gelöscht, sobald diese für den Zweck der Erhebung nicht mehr erforderlich sind. Dies ist für die Daten, die der Bereitstellung der Webseite dienen, grundsätzlich der Fall, wenn die jeweilige Sitzung beendet ist.</p>
<h3>Bereitstellung vorgeschrieben oder erforderlich:</h3>
<p>Die Bereitstellung der vorgenannten personenbezogenen Daten ist weder gesetzlich noch vertraglich vorgeschrieben. Ohne die IP-Adresse ist jedoch der Dienst und die Funktionsfähigkeit unserer Website nicht gewährleistet. Zudem können einzelne Dienste und Services nicht verfügbar oder eingeschränkt sein. Aus diesem Grund ist ein Widerspruch ausgeschlossen.</p>
<h2>Erbringung kostenpflichtiger Leistungen</h2>
<h3>Art und Zweck der Verarbeitung:</h3>
<p>Zur Erbringung kostenpflichtiger Leistungen werden von uns zusätzliche Daten erfragt, wie z.B. Zahlungsangaben, um Ihren Auftrag ausführen zu können.</p>
<h3>Rechtsgrundlage:</h3>
<p>Die Verarbeitung der Daten, die für den Abschluss des Vertrages erforderlich ist, basiert auf Art. 6 Abs. 1 lit. b DSGVO.</p>
<h3>Speicherdauer:</h3>
<p>Wir speichern diese Daten in unseren Systemen bis die gesetzlichen Aufbewahrungsfristen abgelaufen sind. Diese betragen grundsätzlich 6 oder 10 Jahre aus Gründen der ordnungsmäßigen Buchführung und steuerrechtlichen Anforderungen.</p>
<h3>Bereitstellung vorgeschrieben oder erforderlich:</h3>
<p>Die Bereitstellung Ihrer personenbezogenen Daten erfolgt freiwillig. Ohne die Bereitstellung Ihrer personenbezogenen Daten können wir Ihnen keinen Zugang auf unsere angebotenen Inhalte und Leistungen gewähren.</p>
<h2>Kontaktanfragen</h2>
<h3>Art und Zweck der Verarbeitung:</h3>
<p>Die von Ihnen eingegebenen Daten werden zum Zweck der individuellen Kommunikation mit Ihnen gespeichert. Hierfür ist Ihre valide E-Mail-Adresse sowie Ihr Namens erforderlich. Diese dient der Zuordnung der Anfrage und der anschließenden Beantwortung derselben. Die Angabe weiterer Daten ist optional.</p>
<h3>Rechtsgrundlage:</h3>
<p>Die Verarbeitung der an uns gesandten Daten erfolgt auf der Grundlage eines berechtigten Interesses (Art. 6 Abs. 1 lit. f DSGVO).</p>
<p>Durch Bereitstellung der Kontaktadresse möchten wir Ihnen eine unkomplizierte Kontaktaufnahme ermöglichen. Ihre gemachten Angaben werden zum Zwecke der Bearbeitung der Anfrage sowie für mögliche Anschlussfragen gespeichert.</p>
<p>Sofern Sie mit uns Kontakt aufnehmen, um ein Angebot zu erfragen, erfolgt die Verarbeitung der eingegebenen Daten zur Durchführung vorvertraglicher Maßnahmen (Art. 6 Abs. 1 lit. b DSGVO).</p>
<h3>Empfänger:</h3>
<p>Empfänger der Daten sind ggf. Auftragsverarbeiter.</p>
<h3>Speicherdauer:</h3>
<p>Daten werden spätestens 6 Monate nach Bearbeitung der Anfrage gelöscht.</p>
<p>Sofern es zu einem Vertragsverhältnis kommt, unterliegen wir den gesetzlichen Aufbewahrungsfristen nach HGB und löschen Ihre Daten nach Ablauf dieser Fristen.</p>
<h3>Bereitstellung vorgeschrieben oder erforderlich:</h3>
<p>Die Bereitstellung Ihrer personenbezogenen Daten erfolgt freiwillig. Wir können Ihre Anfrage jedoch nur bearbeiten, sofern Sie uns Ihren Namen, Ihre E-Mail-Adresse und den Grund der Anfrage mitteilen.</p>
<h2>Änderung unserer Datenschutzbestimmungen</h2>
<p>Wir behalten uns vor, diese Datenschutzerklärung anzupassen, damit sie stets den aktuellen rechtlichen Anforderungen entspricht oder um Änderungen unserer Leistungen in der Datenschutzerklärung umzusetzen, z.B. bei der Einführung neuer Services. Für Ihren erneuten Besuch gilt dann die neue Datenschutzerklärung.</p>
<h2>Fragen zum Datenschutz</h2>
<p>Wenn Sie Fragen zum Datenschutz haben, schreiben Sie uns bitte eine E-Mail.</p>
<p><em>Die Datenschutzerklärung wurde mithilfe der activeMind AG erstellt, den Experten für <a href="https://www.activemind.de/datenschutz/datenschutzhinweis-generator/" target="_blank" rel="noopener">externe Datenschutzbeauftragte</a> (Version #2019-04-10).</em></p>
</div>
		</div></div></div></div>

<p>Datenschutzerklärung Verantwortlicher im Sinne der Datenschutzgesetze, insbesondere der EU-Datenschutzgrundverordnung (DSGVO), ist: UMWELTKONZEPT Christian Nitsch &amp; Felix Schreiter GbR Eisenberger Str. 10 01127 Dresden Umsatzsteuer ID-Nr. DE326227656 Tel.: +49 (0) 351 2171 8838 E-Mail: info@umweltkonzept-landschaftsplanung.de Impressum: umweltkonzept-landschaftsplanung.de/impressum Ihre Betroffenenrechte Unter den angegebenen Kontaktdaten  können Sie jederzeit folgende Rechte ausüben: Auskunft über Ihre bei uns gespeicherten Daten [&hellip;]</p>
